18.117.128.140 - - [21/Nov/2024:07:46:27 -0500] "GET /wp-content/themes/hello-elementor/style.min.css?ver=3.1.1 HTTP/1.1" 200 1591 "https://www.royalkids-highschl.com/about/" "Mozilla/5.0 (Macintosh; Intel Mac OS X 10_15_7) AppleWebKit/537.36 (KHTML, like Gecko) Chrome/121.0.0.0 Safari/537.36"
18.117.128.140 - - [21/Nov/2024:07:46:27 -0500] "GET /wp-content/themes/hello-elementor/theme.min.css?ver=3.1.1 HTTP/1.1" 200 1141 "https://www.royalkids-highschl.com/about/" "Mozilla/5.0 (Macintosh; Intel Mac OS X 10_15_7) AppleWebKit/537.36 (KHTML, like Gecko) Chrome/121.0.0.0 Safari/537.36"
18.117.128.140 - - [21/Nov/2024:07:46:27 -0500] "GET /wp-content/themes/hello-elementor/header-footer.min.css?ver=3.1.1 HTTP/1.1" 200 1292 "https://www.royalkids-highschl.com/about/" "Mozilla/5.0 (Macintosh; Intel Mac OS X 10_15_7) AppleWebKit/537.36 (KHTML, like Gecko) Chrome/121.0.0.0 Safari/537.36"
18.117.128.140 - - [21/Nov/2024:07:46:27 -0500] "GET /wp-content/uploads/elementor/css/post-120.css?ver=1724987006 HTTP/1.1" 200 1865 "https://www.royalkids-highschl.com/about/" "Mozilla/5.0 (Macintosh; Intel Mac OS X 10_15_7) AppleWebKit/537.36 (KHTML, like Gecko) Chrome/121.0.0.0 Safari/537.36"
18.117.128.140 - - [21/Nov/2024:07:46:27 -0500] "GET /wp-content/uploads/elementor/css/post-123.css?ver=1724988866 HTTP/1.1" 200 1323 "https://www.royalkids-highschl.com/about/" "Mozilla/5.0 (Macintosh; Intel Mac OS X 10_15_7) AppleWebKit/537.36 (KHTML, like Gecko) Chrome/121.0.0.0 Safari/537.36"
18.117.128.140 - - [21/Nov/2024:07:46:27 -0500] "GET /wp-content/plugins/elementor/assets/css/widget-icon-list.min.css?ver=3.24.3 HTTP/1.1" 200 863 "https://www.royalkids-highschl.com/about/" "Mozilla/5.0 (Macintosh; Intel Mac OS X 10_15_7) AppleWebKit/537.36 (KHTML, like Gecko) Chrome/121.0.0.0 Safari/537.36"
18.117.128.140 - - [21/Nov/2024:07:46:27 -0500] "GET /wp-content/plugins/elementor/assets/css/widget-social-icons.min.css?ver=3.24.0 HTTP/1.1" 200 1056 "https://www.royalkids-highschl.com/about/" "Mozilla/5.0 (Macintosh; Intel Mac OS X 10_15_7) AppleWebKit/537.36 (KHTML, like Gecko) Chrome/121.0.0.0 Safari/537.36"
18.117.128.140 - - [21/Nov/2024:07:46:27 -0500] "GET /wp-content/plugins/elementor/assets/lib/font-awesome/css/brands.css?ver=5.15.3 HTTP/1.1" 200 296 "https://www.royalkids-highschl.com/about/" "Mozilla/5.0 (Macintosh; Intel Mac OS X 10_15_7) AppleWebKit/537.36 (KHTML, like Gecko) Chrome/121.0.0.0 Safari/537.36"
18.117.128.140 - - [21/Nov/2024:07:46:27 -0500] "GET /wp-content/plugins/elementor/assets/lib/font-awesome/css/fontawesome.css?ver=5.15.3 HTTP/1.1" 200 12526 "https://www.royalkids-highschl.com/about/" "Mozilla/5.0 (Macintosh; Intel Mac OS X 10_15_7) AppleWebKit/537.36 (KHTML, like Gecko) Chrome/121.0.0.0 Safari/537.36"
18.117.128.140 - - [21/Nov/2024:07:46:27 -0500] "GET /wp-content/plugins/elementor/assets/lib/font-awesome/css/solid.css?ver=5.15.3 HTTP/1.1" 200 296 "https://www.royalkids-highschl.com/about/" "Mozilla/5.0 (Macintosh; Intel Mac OS X 10_15_7) AppleWebKit/537.36 (KHTML, like Gecko) Chrome/121.0.0.0 Safari/537.36"
18.117.128.140 - - [21/Nov/2024:07:46:27 -0500] "GET /wp-content/plugins/elementor-pro/assets/css/widget-blockquote.min.css?ver=3.25.0 HTTP/1.1" 200 965 "https://www.royalkids-highschl.com/about/" "Mozilla/5.0 (Macintosh; Intel Mac OS X 10_15_7) AppleWebKit/537.36 (KHTML, like Gecko) Chrome/121.0.0.0 Safari/537.36"
18.117.128.140 - - [21/Nov/2024:07:46:27 -0500] "GET /wp-includes/js/jquery/jquery.min.js?ver=3.7.1 HTTP/1.1" 200 29744 "https://www.royalkids-highschl.com/about/" "Mozilla/5.0 (Macintosh; Intel Mac OS X 10_15_7) AppleWebKit/537.36 (KHTML, like Gecko) Chrome/121.0.0.0 Safari/537.36"
18.117.128.140 - - [21/Nov/2024:07:46:27 -0500] "GET /wp-includes/js/jquery/jquery-migrate.min.js?ver=3.4.1 HTTP/1.1" 200 4678 "https://www.royalkids-highschl.com/about/" "Mozilla/5.0 (Macintosh; Intel Mac OS X 10_15_7) AppleWebKit/537.36 (KHTML, like Gecko) Chrome/121.0.0.0 Safari/537.36"
18.117.128.140 - - [21/Nov/2024:07:46:27 -0500] "GET /wp-content/uploads/elementor/css/post-135.css?ver=1724990387 HTTP/1.1" 200 4153 "https://www.royalkids-highschl.com/about/" "Mozilla/5.0 (Macintosh; Intel Mac OS X 10_15_7) AppleWebKit/537.36 (KHTML, like Gecko) Chrome/121.0.0.0 Safari/537.36"
18.117.128.140 - - [21/Nov/2024:07:46:27 -0500] "GET /wp-content/plugins/fluentform/assets/css/fluent-forms-elementor-widget.css?ver=5.2.4 HTTP/1.1" 200 771 "https://www.royalkids-highschl.com/about/" "Mozilla/5.0 (Macintosh; Intel Mac OS X 10_15_7) AppleWebKit/537.36 (KHTML, like Gecko) Chrome/121.0.0.0 Safari/537.36"
18.117.128.140 - - [21/Nov/2024:07:46:27 -0500] "GET /wp-content/plugins/elementor/assets/lib/font-awesome/css/all.min.css?ver=4.10.63 HTTP/1.1" 200 12380 "https://www.royalkids-highschl.com/about/" "Mozilla/5.0 (Macintosh; Intel Mac OS X 10_15_7) AppleWebKit/537.36 (KHTML, like Gecko) Chrome/121.0.0.0 Safari/537.36"
18.117.128.140 - - [21/Nov/2024:07:46:27 -0500] "GET /wp-content/plugins/elementor/assets/lib/font-awesome/css/v4-shims.min.css?ver=3.25.7 HTTP/1.1" 200 3987 "https://www.royalkids-highschl.com/about/" "Mozilla/5.0 (Macintosh; Intel Mac OS X 10_15_7) AppleWebKit/537.36 (KHTML, like Gecko) Chrome/121.0.0.0 Safari/537.36"
18.117.128.140 - - [21/Nov/2024:07:46:27 -0500] "GET /wp-content/plugins/elementor/assets/css/widget-heading.min.css?ver=3.25.7 HTTP/1.1" 200 154 "https://www.royalkids-highschl.com/about/" "Mozilla/5.0 (Macintosh; Intel Mac OS X 10_15_7) AppleWebKit/537.36 (KHTML, like Gecko) Chrome/121.0.0.0 Safari/537.36"
18.117.128.140 - - [21/Nov/2024:07:46:27 -0500] "GET /wp-content/plugins/metform/public/assets/css/metform-ui.css?ver=3.9.1 HTTP/1.1" 200 14449 "https://www.royalkids-highschl.com/about/" "Mozilla/5.0 (Macintosh; Intel Mac OS X 10_15_7) AppleWebKit/537.36 (KHTML, like Gecko) Chrome/121.0.0.0 Safari/537.36"
18.117.128.140 - - [21/Nov/2024:07:46:27 -0500] "GET /wp-content/plugins/metform/public/assets/css/style.css?ver=3.9.1 HTTP/1.1" 200 4515 "https://www.royalkids-highschl.com/about/" "Mozilla/5.0 (Macintosh; Intel Mac OS X 10_15_7) AppleWebKit/537.36 (KHTML, like Gecko) Chrome/121.0.0.0 Safari/537.36"
18.117.128.140 - - [21/Nov/2024:07:46:27 -0500] "GET /wp-content/plugins/elementor/assets/css/widget-image.min.css?ver=3.25.7 HTTP/1.1" 200 254 "https://www.royalkids-highschl.com/about/" "Mozilla/5.0 (Macintosh; Intel Mac OS X 10_15_7) AppleWebKit/537.36 (KHTML, like Gecko) Chrome/121.0.0.0 Safari/537.36"
18.117.128.140 - - [21/Nov/2024:07:46:27 -0500] "GET /wp-content/plugins/elementor/assets/css/widget-text-editor.min.css?ver=3.25.7 HTTP/1.1" 200 198 "https://www.royalkids-highschl.com/about/" "Mozilla/5.0 (Macintosh; Intel Mac OS X 10_15_7) AppleWebKit/537.36 (KHTML, like Gecko) Chrome/121.0.0.0 Safari/537.36"
18.117.128.140 - - [21/Nov/2024:07:46:27 -0500] "GET /wp-content/plugins/elementor/assets/css/widget-icon-list.min.css?ver=3.25.7 HTTP/1.1" 200 863 "https://www.royalkids-highschl.com/about/" "Mozilla/5.0 (Macintosh; Intel Mac OS X 10_15_7) AppleWebKit/537.36 (KHTML, like Gecko) Chrome/121.0.0.0 Safari/537.36"
18.117.128.140 - - [21/Nov/2024:07:46:27 -0500] "GET /wp-content/plugins/chaty/admin/assets/js/picmo-umd.min.js?ver=3.3.1 HTTP/1.1" 200 24516 "https://www.royalkids-highschl.com/about/" "Mozilla/5.0 (Macintosh; Intel Mac OS X 10_15_7) AppleWebKit/537.36 (KHTML, like Gecko) Chrome/121.0.0.0 Safari/537.36"
18.117.128.140 - - [21/Nov/2024:07:46:27 -0500] "GET /wp-content/plugins/chaty/admin/assets/js/picmo-latest-umd.min.js?ver=3.3.1 HTTP/1.1" 200 7150 "https://www.royalkids-highschl.com/about/" "Mozilla/5.0 (Macintosh; Intel Mac OS X 10_15_7) AppleWebKit/537.36 (KHTML, like Gecko) Chrome/121.0.0.0 Safari/537.36"
18.117.128.140 - - [21/Nov/2024:07:46:27 -0500] "GET /wp-content/plugins/metform/public/assets/lib/cute-alert/cute-alert.js?ver=3.9.1 HTTP/1.1" 200 1009 "https://www.royalkids-highschl.com/about/" "Mozilla/5.0 (Macintosh; Intel Mac OS X 10_15_7) AppleWebKit/537.36 (KHTML, like Gecko) Chrome/121.0.0.0 Safari/537.36"
18.117.128.140 - - [21/Nov/2024:07:46:27 -0500] "GET /wp-content/themes/hello-elementor/assets/js/hello-frontend.min.js?ver=3.1.1 HTTP/1.1" 200 742 "https://www.royalkids-highschl.com/about/" "Mozilla/5.0 (Macintosh; Intel Mac OS X 10_15_7) AppleWebKit/537.36 (KHTML, like Gecko) Chrome/121.0.0.0 Safari/537.36"
18.117.128.140 - - [21/Nov/2024:07:46:27 -0500] "GET /wp-content/plugins/elementor/assets/lib/font-awesome/js/v4-shims.min.js?ver=3.25.7 HTTP/1.1" 200 4042 "https://www.royalkids-highschl.com/about/" "Mozilla/5.0 (Macintosh; Intel Mac OS X 10_15_7) AppleWebKit/537.36 (KHTML, like Gecko) Chrome/121.0.0.0 Safari/537.36"
18.117.128.140 - - [21/Nov/2024:07:46:27 -0500] "GET /wp-content/plugins/header-footer-elementor/inc/js/frontend.js?ver=1.6.46 HTTP/1.1" 200 3718 "https://www.royalkids-highschl.com/about/" "Mozilla/5.0 (Macintosh; Intel Mac OS X 10_15_7) AppleWebKit/537.36 (KHTML, like Gecko) Chrome/121.0.0.0 Safari/537.36"
18.117.128.140 - - [21/Nov/2024:07:46:27 -0500] "GET /wp-content/plugins/metform/public/assets/js/htm.js?ver=3.9.1 HTTP/1.1" 200 640 "https://www.royalkids-highschl.com/about/" "Mozilla/5.0 (Macintosh; Intel Mac OS X 10_15_7) AppleWebKit/537.36 (KHTML, like Gecko) Chrome/121.0.0.0 Safari/537.36"
18.117.128.140 - - [21/Nov/2024:07:46:27 -0500] "GET /wp-includes/js/dist/vendor/react.min.js?ver=18.3.1 HTTP/1.1" 200 4006 "https://www.royalkids-highschl.com/about/" "Mozilla/5.0 (Macintosh; Intel Mac OS X 10_15_7) AppleWebKit/537.36 (KHTML, like Gecko) Chrome/121.0.0.0 Safari/537.36"
18.117.128.140 - - [21/Nov/2024:07:46:27 -0500] "GET /wp-content/uploads/premium-addons-elementor/pa-frontend-009d7306f.min.js?ver=1732050168 HTTP/1.1" 200 456 "https://www.royalkids-highschl.com/about/" "Mozilla/5.0 (Macintosh; Intel Mac OS X 10_15_7) AppleWebKit/537.36 (KHTML, like Gecko) Chrome/121.0.0.0 Safari/537.36"
18.117.128.140 - - [21/Nov/2024:07:46:27 -0500] "GET /wp-includes/js/dist/vendor/react-dom.min.js?ver=18.3.1 HTTP/1.1" 200 40237 "https://www.royalkids-highschl.com/about/" "Mozilla/5.0 (Macintosh; Intel Mac OS X 10_15_7) AppleWebKit/537.36 (KHTML, like Gecko) Chrome/121.0.0.0 Safari/537.36"
18.117.128.140 - - [21/Nov/2024:07:46:27 -0500] "GET /wp-includes/js/dist/escape-html.min.js?ver=6561a406d2d232a6fbd2 HTTP/1.1" 200 476 "https://www.royalkids-highschl.com/about/" "Mozilla/5.0 (Macintosh; Intel Mac OS X 10_15_7) AppleWebKit/537.36 (KHTML, like Gecko) Chrome/121.0.0.0 Safari/537.36"
18.117.128.140 - - [21/Nov/2024:07:46:27 -0500] "GET /wp-includes/js/dist/element.min.js?ver=cb762d190aebbec25b27 HTTP/1.1" 200 4815 "https://www.royalkids-highschl.com/about/" "Mozilla/5.0 (Macintosh; Intel Mac OS X 10_15_7) AppleWebKit/537.36 (KHTML, like Gecko) Chrome/121.0.0.0 Safari/537.36"
18.117.128.140 - - [21/Nov/2024:07:46:27 -0500] "GET /wp-content/plugins/metform/public/assets/js/app.js?ver=3.9.1 HTTP/1.1" 200 150746 "https://www.royalkids-highschl.com/about/" "Mozilla/5.0 (Macintosh; Intel Mac OS X 10_15_7) AppleWebKit/537.36 (KHTML, like Gecko) Chrome/121.0.0.0 Safari/537.36"
18.117.128.140 - - [21/Nov/2024:07:46:27 -0500] "GET /wp-content/plugins/elementor-pro/assets/js/webpack-pro.runtime.min.js?ver=3.21.3 HTTP/1.1" 200 2465 "https://www.royalkids-highschl.com/about/" "Mozilla/5.0 (Macintosh; Intel Mac OS X 10_15_7) AppleWebKit/537.36 (KHTML, like Gecko) Chrome/121.0.0.0 Safari/537.36"
18.117.128.140 - - [21/Nov/2024:07:46:27 -0500] "GET /wp-content/plugins/elementor/assets/js/webpack.runtime.min.js?ver=3.25.7 HTTP/1.1" 200 2183 "https://www.royalkids-highschl.com/about/" "Mozilla/5.0 (Macintosh; Intel Mac OS X 10_15_7) AppleWebKit/537.36 (KHTML, like Gecko) Chrome/121.0.0.0 Safari/537.36"
18.117.128.140 - - [21/Nov/2024:07:46:27 -0500] "GET /wp-content/plugins/elementor/assets/js/frontend-modules.min.js?ver=3.25.7 HTTP/1.1" 200 15402 "https://www.royalkids-highschl.com/about/" "Mozilla/5.0 (Macintosh; Intel Mac OS X 10_15_7) AppleWebKit/537.36 (KHTML, like Gecko) Chrome/121.0.0.0 Safari/537.36"
18.117.128.140 - - [21/Nov/2024:07:46:27 -0500] "GET /wp-includes/js/dist/hooks.min.js?ver=4d63a3d491d11ffd8ac6 HTTP/1.1" 200 1571 "https://www.royalkids-highschl.com/about/" "Mozilla/5.0 (Macintosh; Intel Mac OS X 10_15_7) AppleWebKit/537.36 (KHTML, like Gecko) Chrome/121.0.0.0 Safari/537.36"
18.117.128.140 - - [21/Nov/2024:07:46:27 -0500] "GET /wp-includes/js/dist/i18n.min.js?ver=5e580eb46a90c2b997e6 HTTP/1.1" 200 3542 "https://www.royalkids-highschl.com/about/" "Mozilla/5.0 (Macintosh; Intel Mac OS X 10_15_7) AppleWebKit/537.36 (KHTML, like Gecko) Chrome/121.0.0.0 Safari/537.36"
18.117.128.140 - - [21/Nov/2024:07:46:27 -0500] "GET /wp-content/plugins/elementor-pro/assets/js/frontend.min.js?ver=3.21.3 HTTP/1.1" 200 6470 "https://www.royalkids-highschl.com/about/" "Mozilla/5.0 (Macintosh; Intel Mac OS X 10_15_7) AppleWebKit/537.36 (KHTML, like Gecko) Chrome/121.0.0.0 Safari/537.36"
18.117.128.140 - - [21/Nov/2024:07:46:27 -0500] "GET /wp-includes/js/jquery/ui/core.min.js?ver=1.13.3 HTTP/1.1" 200 6811 "https://www.royalkids-highschl.com/about/" "Mozilla/5.0 (Macintosh; Intel Mac OS X 10_15_7) AppleWebKit/537.36 (KHTML, like Gecko) Chrome/121.0.0.0 Safari/537.36"
18.117.128.140 - - [21/Nov/2024:07:46:27 -0500] "GET /wp-content/plugins/elementor/assets/js/frontend.min.js?ver=3.25.7 HTTP/1.1" 200 12930 "https://www.royalkids-highschl.com/about/" "Mozilla/5.0 (Macintosh; Intel Mac OS X 10_15_7) AppleWebKit/537.36 (KHTML, like Gecko) Chrome/121.0.0.0 Safari/537.36"
18.117.128.140 - - [21/Nov/2024:07:46:27 -0500] "GET /wp-content/plugins/elementor-pro/assets/js/elements-handlers.min.js?ver=3.21.3 HTTP/1.1" 200 8850 "https://www.royalkids-highschl.com/about/" "Mozilla/5.0 (Macintosh; Intel Mac OS X 10_15_7) AppleWebKit/537.36 (KHTML, like Gecko) Chrome/121.0.0.0 Safari/537.36"
18.117.128.140 - - [21/Nov/2024:07:46:27 -0500] "GET /wp-content/plugins/chaty/js/cht-front-script.min.js?ver=3.3.11725132221 HTTP/1.1" 200 22192 "https://www.royalkids-highschl.com/about/" "Mozilla/5.0 (Macintosh; Intel Mac OS X 10_15_7) AppleWebKit/537.36 (KHTML, like Gecko) Chrome/121.0.0.0 Safari/537.36"
18.117.128.140 - - [21/Nov/2024:07:46:28 -0500] "POST /wp-admin/admin-ajax.php HTTP/1.1" 400 5 "https://www.royalkids-highschl.com/about/" "Mozilla/5.0 (Macintosh; Intel Mac OS X 10_15_7) AppleWebKit/537.36 (KHTML, like Gecko) Chrome/121.0.0.0 Safari/537.36"
18.117.128.140 - - [21/Nov/2024:07:46:28 -0500] "GET /wp-content/plugins/elementor/assets/js/text-editor.2c35aafbe5bf0e127950.bundle.min.js HTTP/1.1" 200 601 "https://www.royalkids-highschl.com/about/" "Mozilla/5.0 (Macintosh; Intel Mac OS X 10_15_7) AppleWebKit/537.36 (KHTML, like Gecko) Chrome/121.0.0.0 Safari/537.36"
68.65.122.150 - - [21/Nov/2024:07:46:29 -0500] "POST /wp-cron.php?doing_wp_cron=1732193189.2065091133117675781250 HTTP/1.1" 200 0 "-" "WordPress/6.7; https://www.royalkids-highschl.com"
18.117.128.140 - - [21/Nov/2024:07:46:28 -0500] "POST /wp-json/metform/v1/forms/views/2962 HTTP/1.1" 403 90 "https://www.royalkids-highschl.com/about/" "Mozilla/5.0 (Macintosh; Intel Mac OS X 10_15_7) AppleWebKit/537.36 (KHTML, like Gecko) Chrome/121.0.0.0 Safari/537.36"
18.117.128.140 - - [21/Nov/2024:07:46:28 -0500] "POST /wp-json/metform/v1/forms/views/2104 HTTP/1.1" 200 0 "https://www.royalkids-highschl.com/about/" "Mozilla/5.0 (Macintosh; Intel Mac OS X 10_15_7) AppleWebKit/537.36 (KHTML, like Gecko) Chrome/121.0.0.0 Safari/537.36"
40.77.167.38 - - [21/Nov/2024:08:13:14 -0500] "GET /wp-sitemap-posts-page-1.xml HTTP/1.1" 200 317 "-" "Mozilla/5.0 AppleWebKit/537.36 (KHTML, like Gecko; compatible; bingbot/2.0; +http://www.bing.com/bingbot.htm) Chrome/116.0.1938.76 Safari/537.36"
209.141.60.43 - - [21/Nov/2024:08:45:35 -0500] "GET /wp-login.php HTTP/1.1" 200 6236 "-" "Mozilla/5.0 (Windows NT 6.3; WOW64) AppleWebKit/537.36 (KHTML, like Gecko) Chrome/36.0.1985.125 Safari/537.36"
68.65.122.150 - - [21/Nov/2024:08:45:37 -0500] "POST /wp-cron.php?doing_wp_cron=1732196737.0778999328613281250000 HTTP/1.1" 200 0 "-" "WordPress/6.7; https://www.royalkids-highschl.com"
209.141.60.43 - - [21/Nov/2024:08:45:35 -0500] "POST /wp-login.php HTTP/1.1" 200 6693 "-" "Mozilla/5.0 (Windows NT 6.3; WOW64) AppleWebKit/537.36 (KHTML, like Gecko) Chrome/36.0.1985.125 Safari/537.36"
68.65.122.150 - - [21/Nov/2024:08:45:37 -0500] "POST /wp-admin/admin-ajax.php?action=async_litespeed&nonce=ljastUONU0ukANRzuNbmBdRIExiAx3X9&litespeed_type=imgoptm HTTP/1.1" 200 21 "-" "WordPress/6.7; https://www.royalkids-highschl.com"
68.65.122.150 - - [21/Nov/2024:08:50:47 -0500] "POST /wp-cron.php?doing_wp_cron=1732197047.8385500907897949218750 HTTP/1.1" 200 0 "-" "WordPress/6.7; https://www.royalkids-highschl.com"
188.166.57.130 - - [21/Nov/2024:08:50:46 -0500] "GET / HTTP/1.1" 301 0 "-" "Mozilla/5.0 (X11; Linux x86_64) AppleWebKit/537.36 (KHTML, like Gecko) Chrome/129.0.0.0 Safari/537.36"
68.65.122.150 - - [21/Nov/2024:08:50:47 -0500] "POST /wp-admin/admin-ajax.php?action=async_litespeed&nonce=ahh4fHIuJzIXMAMidlGLhaRVfiu6aNSD&litespeed_type=imgoptm HTTP/1.1" 200 21 "-" "WordPress/6.7; https://www.royalkids-highschl.com"
52.167.144.223 - - [21/Nov/2024:09:46:43 -0500] "GET /sitemap.xml HTTP/1.1" 301 0 "-" "Mozilla/5.0 AppleWebKit/537.36 (KHTML, like Gecko; compatible; bingbot/2.0; +http://www.bing.com/bingbot.htm) Chrome/116.0.1938.76 Safari/537.36"
52.167.144.223 - - [21/Nov/2024:09:46:44 -0500] "GET /wp-sitemap.xml HTTP/1.1" 200 209 "-" "Mozilla/5.0 AppleWebKit/537.36 (KHTML, like Gecko; compatible; bingbot/2.0; +http://www.bing.com/bingbot.htm) Chrome/116.0.1938.76 Safari/537.36"
68.65.122.150 - - [21/Nov/2024:10:04:37 -0500] "POST /wp-cron.php?doing_wp_cron=1732201477.8387720584869384765625 HTTP/1.1" 200 0 "-" "WordPress/6.7; https://www.royalkids-highschl.com"
44.203.214.3 - - [21/Nov/2024:10:04:36 -0500] "GET / HTTP/1.1" 301 0 "-" "Mozilla/5.0 (Macintosh; Intel Mac OS X 10_15_7) AppleWebKit/537.36 (KHTML, like Gecko) Chrome/129.0.0.0 Safari/537.36"
68.65.122.150 - - [21/Nov/2024:10:04:38 -0500] "POST /wp-admin/admin-ajax.php?action=async_litespeed&nonce=mO24mLWYa3on2Mp6NqORQWpboCowf8pj&litespeed_type=imgoptm HTTP/1.1" 200 21 "-" "WordPress/6.7; https://www.royalkids-highschl.com"
107.189.6.174 - - [21/Nov/2024:10:14:48 -0500] "GET /wp-login.php HTTP/1.1" 200 6236 "-" "Mozilla/5.0 (Windows NT 6.1) AppleWebKit/537.36 (KHTML, like Gecko) Chrome/36.0.1985.143 Safari/537.36"
157.55.39.204 - - [21/Nov/2024:10:21:50 -0500] "GET /wp-sitemap-posts-post-1.xml HTTP/1.1" 200 374 "-" "Mozilla/5.0 AppleWebKit/537.36 (KHTML, like Gecko; compatible; bingbot/2.0; +http://www.bing.com/bingbot.htm) Chrome/116.0.1938.76 Safari/537.36"
52.167.144.175 - - [21/Nov/2024:10:36:02 -0500] "GET /wp-sitemap-posts-metform-form-1.xml HTTP/1.1" 200 205 "-" "Mozilla/5.0 AppleWebKit/537.36 (KHTML, like Gecko; compatible; bingbot/2.0; +http://www.bing.com/bingbot.htm) Chrome/116.0.1938.76 Safari/537.36"
217.182.134.101 - - [21/Nov/2024:10:37:55 -0500] "GET /robots.txt HTTP/1.1" 200 127 "-" "Mozilla/5.0 (compatible; MJ12bot/v1.4.8; http://mj12bot.com/)"
217.182.134.101 - - [21/Nov/2024:10:37:59 -0500] "GET /learning-is-fun%F0%9F%A5%B3%F0%9F%A5%B0/ HTTP/1.1" 200 16587 "-" "Mozilla/5.0 (compatible; MJ12bot/v1.4.8; http://mj12bot.com/)"
217.182.134.101 - - [21/Nov/2024:10:38:03 -0500] "GET /we-love-to-match-our-numbers-right%F0%9F%91%8D%F0%9F%A4%A9/ HTTP/1.1" 200 16697 "-" "Mozilla/5.0 (compatible; MJ12bot/v1.4.8; http://mj12bot.com/)"
217.182.134.101 - - [21/Nov/2024:10:38:08 -0500] "GET /we-love-to-match-our-numbers-right%F0%9F%91%8D%F0%9F%A4%A9-2/ HTTP/1.1" 200 16602 "-" "Mozilla/5.0 (compatible; MJ12bot/v1.4.8; http://mj12bot.com/)"
68.65.122.150 - - [21/Nov/2024:11:09:52 -0500] "POST /wp-cron.php?doing_wp_cron=1732205392.2934429645538330078125 HTTP/1.1" 200 0 "-" "WordPress/6.7; https://www.royalkids-highschl.com"
68.65.122.150 - - [21/Nov/2024:11:09:52 -0500] "POST /wp-admin/admin-ajax.php?action=async_litespeed&nonce=MhoXu2sjzxoNZx62fnuNXRuv8htPCzvk&litespeed_type=imgoptm HTTP/1.1" 200 21 "-" "WordPress/6.7; https://www.royalkids-highschl.com"
66.249.68.36 - - [21/Nov/2024:11:09:49 -0500] "GET /feed/ HTTP/1.1" 200 4316 "-" "Mozilla/5.0 (Linux; Android 6.0.1; Nexus 5X Build/MMB29P) AppleWebKit/537.36 (KHTML, like Gecko) Chrome/131.0.6778.69 Mobile Safari/537.36 (compatible; Googlebot/2.1; +http://www.google.com/bot.html)"
68.65.122.150 - - [21/Nov/2024:11:09:55 -0500] "POST /wp-cron.php?doing_wp_cron=1732205395.4048490524291992187500 HTTP/1.1" 200 0 "-" "WordPress/6.7.1; https://www.royalkids-highschl.com"
68.65.122.150 - - [21/Nov/2024:11:09:55 -0500] "POST /wp-admin/upgrade.php?step=upgrade_db HTTP/1.1" 200 21 "-" "WordPress/6.7; https://www.royalkids-highschl.com"
68.65.122.150 - - [21/Nov/2024:11:11:40 -0500] "POST /wp-cron.php?doing_wp_cron=1732205500.3858621120452880859375 HTTP/1.1" 200 0 "-" "WordPress/6.7.1; https://www.royalkids-highschl.com"
66.249.68.35 - - [21/Nov/2024:11:11:39 -0500] "GET /comments/feed/ HTTP/1.1" 200 394 "-" "Mozilla/5.0 (Linux; Android 6.0.1; Nexus 5X Build/MMB29P) AppleWebKit/537.36 (KHTML, like Gecko) Chrome/131.0.6778.69 Mobile Safari/537.36 (compatible; Googlebot/2.1; +http://www.google.com/bot.html)"
68.65.122.150 - - [21/Nov/2024:11:11:40 -0500] "POST /wp-admin/admin-ajax.php?action=async_litespeed&nonce=SkkJSaY3ViItCu5t3fzf423ICkGJTQFL&litespeed_type=imgoptm HTTP/1.1" 200 21 "-" "WordPress/6.7.1; https://www.royalkids-highschl.com"
68.65.122.150 - - [21/Nov/2024:11:13:26 -0500] "POST /wp-cron.php?doing_wp_cron=1732205606.7294220924377441406250 HTTP/1.1" 200 0 "-" "WordPress/6.7.1; https://www.royalkids-highschl.com"
68.65.122.150 - - [21/Nov/2024:11:13:26 -0500] "POST /wp-admin/admin-ajax.php?action=async_litespeed&nonce=65Nk7lb61dyUPzomdX4B8SYsicq3vgyf&litespeed_type=imgoptm HTTP/1.1" 200 21 "-" "WordPress/6.7.1; https://www.royalkids-highschl.com"
51.222.253.20 - - [21/Nov/2024:11:13:25 -0500] "GET /about/ HTTP/1.1" 200 20398 "-" "Mozilla/5.0 (compatible; AhrefsBot/7.0; +http://ahrefs.com/robot/)"
51.222.253.15 - - [21/Nov/2024:11:13:28 -0500] "GET /wp-content/plugins/elementor/assets/lib/animations/animations.min.css?ver=3.25.9 HTTP/1.1" 200 2442 "-" "Mozilla/5.0 (compatible; AhrefsBot/7.0; +http://ahrefs.com/robot/)"
51.222.253.10 - - [21/Nov/2024:11:13:32 -0500] "GET /wp-content/uploads/premium-addons-elementor/pa-frontend-009d7306f.min.js?ver=1732205606 HTTP/1.1" 200 456 "-" "Mozilla/5.0 (compatible; AhrefsBot/7.0; +http://ahrefs.com/robot/)"
51.222.253.2 - - [21/Nov/2024:11:13:33 -0500] "GET /wp-content/plugins/elementor/assets/css/frontend.min.css?ver=3.25.9 HTTP/1.1" 200 6871 "-" "Mozilla/5.0 (compatible; AhrefsBot/7.0; +http://ahrefs.com/robot/)"
51.222.253.5 - - [21/Nov/2024:11:13:33 -0500] "GET /wp-content/plugins/elementor/assets/css/widget-image.min.css?ver=3.25.9 HTTP/1.1" 200 254 "-" "Mozilla/5.0 (compatible; AhrefsBot/7.0; +http://ahrefs.com/robot/)"
51.222.253.6 - - [21/Nov/2024:11:13:37 -0500] "GET /wp-content/plugins/elementor/assets/lib/font-awesome/js/v4-shims.min.js?ver=3.25.9 HTTP/1.1" 200 4042 "-" "Mozilla/5.0 (compatible; AhrefsBot/7.0; +http://ahrefs.com/robot/)"
51.222.253.19 - - [21/Nov/2024:11:13:37 -0500] "GET /wp-content/uploads/elementor/css/post-135.css?ver=1724990387 HTTP/1.1" 200 4153 "-" "Mozilla/5.0 (compatible; AhrefsBot/7.0; +http://ahrefs.com/robot/)"
51.222.253.8 - - [21/Nov/2024:11:13:41 -0500] "GET /wp-content/plugins/elementor/assets/js/frontend-modules.min.js?ver=3.25.9 HTTP/1.1" 200 15402 "-" "Mozilla/5.0 (compatible; AhrefsBot/7.0; +http://ahrefs.com/robot/)"
51.222.253.19 - - [21/Nov/2024:11:13:41 -0500] "GET /wp-content/plugins/elementor/assets/css/widget-icon-list.min.css?ver=3.25.9 HTTP/1.1" 200 863 "-" "Mozilla/5.0 (compatible; AhrefsBot/7.0; +http://ahrefs.com/robot/)"
51.222.253.16 - - [21/Nov/2024:11:13:42 -0500] "GET /wp-content/plugins/elementor/assets/js/frontend.min.js?ver=3.25.9 HTTP/1.1" 200 12930 "-" "Mozilla/5.0 (compatible; AhrefsBot/7.0; +http://ahrefs.com/robot/)"
51.222.253.11 - - [21/Nov/2024:11:13:42 -0500] "GET /wp-content/plugins/elementor/assets/js/webpack.runtime.min.js?ver=3.25.9 HTTP/1.1" 200 2183 "-" "Mozilla/5.0 (compatible; AhrefsBot/7.0; +http://ahrefs.com/robot/)"
51.222.253.13 - - [21/Nov/2024:11:13:46 -0500] "GET /wp-content/uploads/premium-addons-elementor/pa-frontend-009d7306f.min.css?ver=1732205606 HTTP/1.1" 200 4970 "-" "Mozilla/5.0 (compatible; AhrefsBot/7.0; +http://ahrefs.com/robot/)"
68.65.122.150 - - [21/Nov/2024:11:48:06 -0500] "POST /wp-cron.php?doing_wp_cron=1732207686.7522659301757812500000 HTTP/1.1" 200 0 "-" "WordPress/6.7.1; https://www.royalkids-highschl.com"
135.148.100.196 - - [21/Nov/2024:11:48:05 -0500] "GET / HTTP/1.1" 301 0 "-" "-"
68.65.122.150 - - [21/Nov/2024:11:48:07 -0500] "POST /wp-admin/admin-ajax.php?action=async_litespeed&nonce=pPkh84TfZ2Eqcc5DkVj1cgU2G7ky42y8&litespeed_type=imgoptm HTTP/1.1" 200 21 "-" "WordPress/6.7.1; https://www.royalkids-highschl.com"
135.148.100.196 - - [21/Nov/2024:11:48:07 -0500] "GET / HTTP/1.1" 200 236244 "-" "-"
68.65.122.150 - - [21/Nov/2024:12:20:42 -0500] "POST /wp-cron.php?doing_wp_cron=1732209642.0099029541015625000000 HTTP/1.1" 200 0 "-" "WordPress/6.7.1; https://www.royalkids-highschl.com"
35.202.23.252 - - [21/Nov/2024:12:20:40 -0500] "POST /xmlrpc.php HTTP/1.1" 200 210 "-" "Mozilla/5.0 (Windows NT 10.0; Win64; x64; rv:67.0) Gecko/20100101 Firefox/67.0"
68.65.122.150 - - [21/Nov/2024:12:20:42 -0500] "POST /wp-admin/admin-ajax.php?action=async_litespeed&nonce=R90Basi2VKNK7C7ooS7tCkbowmH5Q4xu&litespeed_type=imgoptm HTTP/1.1" 200 21 "-" "WordPress/6.7.1; https://www.royalkids-highschl.com"
68.65.122.150 - - [21/Nov/2024:12:27:12 -0500] "POST /wp-cron.php?doing_wp_cron=1732210032.3170969486236572265625 HTTP/1.1" 200 0 "-" "WordPress/6.7.1; https://www.royalkids-highschl.com"
52.167.144.205 - - [21/Nov/2024:12:27:11 -0500] "GET /wp-sitemap-users-1.xml HTTP/1.1" 200 164 "-" "Mozilla/5.0 AppleWebKit/537.36 (KHTML, like Gecko; compatible; bingbot/2.0; +http://www.bing.com/bingbot.htm) Chrome/116.0.1938.76 Safari/537.36"
68.65.122.150 - - [21/Nov/2024:12:27:12 -0500] "POST /wp-admin/admin-ajax.php?action=async_litespeed&nonce=9GVlwOwpEgNDnp0zmzxohniVIewmtdAm&litespeed_type=imgoptm HTTP/1.1" 200 21 "-" "WordPress/6.7.1; https://www.royalkids-highschl.com"
137.226.113.44 - - [21/Nov/2024:13:06:06 -0500] "GET / HTTP/1.1" 200 36642 "-" "Mozilla/5.0 researchscan.comsys.rwth-aachen.de"
68.65.122.150 - - [21/Nov/2024:13:23:38 -0500] "POST /wp-cron.php?doing_wp_cron=1732213418.7701010704040527343750 HTTP/1.1" 200 0 "-" "WordPress/6.7.1; https://www.royalkids-highschl.com"
68.65.122.150 - - [21/Nov/2024:13:23:39 -0500] "POST /wp-admin/admin-ajax.php?action=async_litespeed&nonce=Agr1Bsdjvwo5JuqFinTYYpgCW7Mr1P6r&litespeed_type=imgoptm HTTP/1.1" 200 21 "-" "WordPress/6.7.1; https://www.royalkids-highschl.com"
68.65.122.150 - - [21/Nov/2024:13:23:36 -0500] "GET / HTTP/1.1" 200 236244 "-" "Mozilla/5.0 (Windows NT 10.0; Win64; x64; rv:122.0) Gecko/20100101 Firefox/122.0"
68.65.122.150 - - [21/Nov/2024:13:24:06 -0500] "GET / HTTP/1.1" 200 236244 "-" "Softaculous"
68.65.122.150 - - [21/Nov/2024:13:24:06 -0500] "GET / HTTP/1.1" 200 236244 "-" "Mozilla/5.0 (Windows NT 10.0; Win64; x64; rv:122.0) Gecko/20100101 Firefox/122.0"
170.106.113.159 - - [21/Nov/2024:13:32:00 -0500] "GET / HTTP/1.1" 200 36642 "http://www.royalkids-highschl.com" "Mozilla/5.0 (iPhone; CPU iPhone OS 13_2_3 like Mac OS X) AppleWebKit/605.1.15 (KHTML, like Gecko) Version/13.0.3 Mobile/15E148 Safari/604.1"
68.65.122.150 - - [21/Nov/2024:13:54:22 -0500] "POST /wp-cron.php?doing_wp_cron=1732215262.0683259963989257812500 HTTP/1.1" 200 0 "-" "WordPress/6.7.1; https://www.royalkids-highschl.com"
40.77.167.159 - - [21/Nov/2024:13:54:20 -0500] "GET /wp-sitemap-taxonomies-category-1.xml HTTP/1.1" 200 175 "-" "Mozilla/5.0 AppleWebKit/537.36 (KHTML, like Gecko; compatible; bingbot/2.0; +http://www.bing.com/bingbot.htm) Chrome/116.0.1938.76 Safari/537.36"
68.65.122.150 - - [21/Nov/2024:13:54:22 -0500] "POST /wp-admin/admin-ajax.php?action=async_litespeed&nonce=HxQux9yRRHFuLgNOKitonNXDrlYAQNem&litespeed_type=imgoptm HTTP/1.1" 200 21 "-" "WordPress/6.7.1; https://www.royalkids-highschl.com"
93.100.134.65 - - [21/Nov/2024:15:02:39 -0500] "GET / HTTP/1.0" 301 0 "https://royalkids-highschl.com/" "Mozilla/5.0 (Windows NT 10.0.0; Win64; x64; ) AppleWebKit/537.36 (KHTML, like Gecko) Chrome/124.0.6367.61 Chrome/124.0.6367.61 Not-A.Brand/99 Safari/537.36"
93.100.134.65 - - [21/Nov/2024:15:02:41 -0500] "GET / HTTP/1.0" 200 236244 "https://www.royalkids-highschl.com/" "Mozilla/5.0 (Windows NT 10.0.0; Win64; x64; ) AppleWebKit/537.36 (KHTML, like Gecko) Chrome/124.0.6367.61 Chrome/124.0.6367.61 Not-A.Brand/99 Safari/537.36"
93.100.134.65 - - [21/Nov/2024:15:02:43 -0500] "GET /contact/ HTTP/1.0" 200 93450 "https://www.royalkids-highschl.com/contact/" "Mozilla/5.0 (Windows NT 10.0.0; Win64; x64; ) AppleWebKit/537.36 (KHTML, like Gecko) Chrome/124.0.6367.61 Chrome/124.0.6367.61 Not-A.Brand/99 Safari/537.36"
88.99.24.175 - - [21/Nov/2024:16:08:04 -0500] "GET /index.php?of=1&a=1 HTTP/1.1" 301 0 "-" "Mozilla/5.0 (Windows NT 10.0; Win64; x64) AppleWebKit/537.36 (KHTML, like Gecko) Chrome/124.0.0.0 Safari/537.36"
88.99.24.175 - - [21/Nov/2024:16:08:05 -0500] "GET /?of=1&a=1 HTTP/1.1" 200 236244 "-" "Mozilla/5.0 (Windows NT 10.0; Win64; x64) AppleWebKit/537.36 (KHTML, like Gecko) Chrome/124.0.0.0 Safari/537.36"
77.74.177.118 - - [21/Nov/2024:16:33:49 -0500] "GET / HTTP/1.1" 200 36642 "-" "Mozilla/5.0 (Linux; arm_64; Android 12; CPH2205) AppleWebKit/537.36 (KHTML, like Gecko) Chrome/110.0.0.0 YaBrowser/23.3.3.86.00 SA/3 Mobile Safari/537.36"
119.15.83.218 - - [21/Nov/2024:16:38:54 -0500] "GET /sftp-config.json HTTP/1.1" 403 1242 "-" "Mozilla/5.0 (Macintosh; Intel Mac OS X 10.15; rv:77.0) Gecko/20100101 Firefox/77.0"
119.15.83.218 - - [21/Nov/2024:16:38:55 -0500] "GET /.vscode/sftp.json HTTP/1.1" 301 0 "-" "Mozilla/5.0 (Macintosh; Intel Mac OS X 10.15; rv:77.0) Gecko/20100101 Firefox/77.0"
119.15.83.218 - - [21/Nov/2024:16:38:57 -0500] "GET /.vscode/sftp.json HTTP/1.1" 404 17253 "-" "Mozilla/5.0 (Macintosh; Intel Mac OS X 10.15; rv:77.0) Gecko/20100101 Firefox/77.0"
182.44.2.148 - - [21/Nov/2024:16:48:33 -0500] "GET / HTTP/1.1" 301 0 "http://royalkids-highschl.com" "Mozilla/5.0 (iPhone; CPU iPhone OS 13_2_3 like Mac OS X) AppleWebKit/605.1.15 (KHTML, like Gecko) Version/13.0.3 Mobile/15E148 Safari/604.1"
182.44.2.148 - - [21/Nov/2024:16:48:45 -0500] "GET / HTTP/1.1" 200 36649 "https://royalkids-highschl.com/" "Mozilla/5.0 (iPhone; CPU iPhone OS 13_2_3 like Mac OS X) AppleWebKit/605.1.15 (KHTML, like Gecko) Version/13.0.3 Mobile/15E148 Safari/604.1"
68.65.122.150 - - [21/Nov/2024:17:28:22 -0500] "POST /wp-cron.php?doing_wp_cron=1732228102.1992230415344238281250 HTTP/1.1" 200 0 "-" "WordPress/6.7.1; https://www.royalkids-highschl.com"
66.249.79.37 - - [21/Nov/2024:17:28:21 -0500] "GET /robots.txt HTTP/1.1" 301 0 "-" "Mozilla/5.0 (compatible; Googlebot/2.1; +http://www.google.com/bot.html)"
68.65.122.150 - - [21/Nov/2024:17:28:22 -0500] "POST /wp-admin/admin-ajax.php?action=async_litespeed&nonce=3OfTNGcDxUjBRxTkTa2YUO7e9KhWlJyU&litespeed_type=imgoptm HTTP/1.1" 200 21 "-" "WordPress/6.7.1; https://www.royalkids-highschl.com"
66.249.68.37 - - [21/Nov/2024:17:28:22 -0500] "GET /robots.txt HTTP/1.1" 200 106 "-" "Mozilla/5.0 (compatible; Googlebot/2.1; +http://www.google.com/bot.html)"
66.249.79.36 - - [21/Nov/2024:17:28:22 -0500] "GET /comments/feed/index.html HTTP/1.1" 301 0 "-" "Mozilla/5.0 (Linux; Android 6.0.1; Nexus 5X Build/MMB29P) AppleWebKit/537.36 (KHTML, like Gecko) Chrome/131.0.6778.69 Mobile Safari/537.36 (compatible; Googlebot/2.1; +http://www.google.com/bot.html)"
66.249.68.35 - - [21/Nov/2024:17:28:24 -0500] "GET /comments/feed/index.html HTTP/1.1" 404 15107 "-" "Mozilla/5.0 (Linux; Android 6.0.1; Nexus 5X Build/MMB29P) AppleWebKit/537.36 (KHTML, like Gecko) Chrome/131.0.6778.69 Mobile Safari/537.36 (compatible; Googlebot/2.1; +http://www.google.com/bot.html)"
198.235.24.203 - - [21/Nov/2024:17:38:15 -0500] "GET / HTTP/1.1" 200 236244 "-" "Expanse, a Palo Alto Networks company, searches across the global IPv4 space multiple times per day to identify customers' presences on the Internet. If you would like to be excluded from our scans, please send IP addresses/domains to: scaninfo@paloaltonetworks.com"
68.65.122.150 - - [21/Nov/2024:18:27:32 -0500] "POST /wp-cron.php?doing_wp_cron=1732231652.4994549751281738281250 HTTP/1.1" 200 0 "-" "WordPress/6.7.1; https://www.royalkids-highschl.com"
66.249.79.36 - - [21/Nov/2024:18:27:31 -0500] "GET /feed/index.html HTTP/1.1" 301 0 "-" "Mozilla/5.0 (Linux; Android 6.0.1; Nexus 5X Build/MMB29P) AppleWebKit/537.36 (KHTML, like Gecko) Chrome/131.0.6778.69 Mobile Safari/537.36 (compatible; Googlebot/2.1; +http://www.google.com/bot.html)"
68.65.122.150 - - [21/Nov/2024:18:27:32 -0500] "POST /wp-admin/admin-ajax.php?action=async_litespeed&nonce=x9mU3G3z6aeydEli8FTXv7vHfILlN44L&litespeed_type=imgoptm HTTP/1.1" 200 21 "-" "WordPress/6.7.1; https://www.royalkids-highschl.com"
66.249.68.36 - - [21/Nov/2024:18:27:33 -0500] "GET /feed/index.html HTTP/1.1" 404 15061 "-" "Mozilla/5.0 (Linux; Android 6.0.1; Nexus 5X Build/MMB29P) AppleWebKit/537.36 (KHTML, like Gecko) Chrome/131.0.6778.69 Mobile Safari/537.36 (compatible; Googlebot/2.1; +http://www.google.com/bot.html)"
68.65.122.150 - - [21/Nov/2024:18:28:20 -0500] "POST /wp-cron.php?doing_wp_cron=1732231700.2768659591674804687500 HTTP/1.1" 200 0 "-" "WordPress/6.7.1; https://www.royalkids-highschl.com"
66.249.79.36 - - [21/Nov/2024:18:28:20 -0500] "GET /author/orion/feed/index.html HTTP/1.1" 301 0 "-" "Mozilla/5.0 (Linux; Android 6.0.1; Nexus 5X Build/MMB29P) AppleWebKit/537.36 (KHTML, like Gecko) Chrome/131.0.6778.69 Mobile Safari/537.36 (compatible; Googlebot/2.1; +http://www.google.com/bot.html)"
68.65.122.150 - - [21/Nov/2024:18:28:20 -0500] "POST /wp-admin/admin-ajax.php?action=async_litespeed&nonce=aR7E8GpnwEeZWk29nWqtXsX77JuiqRqF&litespeed_type=imgoptm HTTP/1.1" 200 21 "-" "WordPress/6.7.1; https://www.royalkids-highschl.com"
66.249.68.35 - - [21/Nov/2024:18:28:22 -0500] "GET /author/orion/feed/index.html HTTP/1.1" 404 15105 "-" "Mozilla/5.0 (Linux; Android 6.0.1; Nexus 5X Build/MMB29P) AppleWebKit/537.36 (KHTML, like Gecko) Chrome/131.0.6778.69 Mobile Safari/537.36 (compatible; Googlebot/2.1; +http://www.google.com/bot.html)"
68.65.122.150 - - [21/Nov/2024:20:59:20 -0500] "POST /wp-cron.php?doing_wp_cron=1732240760.3246459960937500000000 HTTP/1.1" 200 0 "-" "WordPress/6.7.1; https://www.royalkids-highschl.com"
45.127.126.72 - - [21/Nov/2024:20:59:19 -0500] "GET /e/data/html/postinfo.js HTTP/1.1" 301 0 "http://royalkids-highschl.com/e/data/html/postinfo.js" "Mozilla/5.0 (compatible; MSIE 9.0; Windows NT 6.1; Win64; x64; Trident/5.0)"
68.65.122.150 - - [21/Nov/2024:20:59:20 -0500] "POST /wp-admin/admin-ajax.php?action=async_litespeed&nonce=AH4mbSlmtRkIQ6x5kCaanCfUJOifobDC&litespeed_type=imgoptm HTTP/1.1" 200 21 "-" "WordPress/6.7.1; https://www.royalkids-highschl.com"
45.127.126.72 - - [21/Nov/2024:20:59:21 -0500] "GET /e/data/html/postinfo.js HTTP/1.1" 404 77746 "http://royalkids-highschl.com/e/data/html/postinfo.js" "Mozilla/5.0 (compatible; MSIE 9.0; Windows NT 6.1; Win64; x64; Trident/5.0)"
52.167.144.235 - - [21/Nov/2024:21:28:20 -0500] "GET /wp-content/uploads/2024/06/IMG_1669-1-scaled.jpg HTTP/1.1" 200 296039 "-" "Mozilla/5.0 AppleWebKit/537.36 (KHTML, like Gecko; compatible; bingbot/2.0; +http://www.bing.com/bingbot.htm) Chrome/116.0.1938.76 Safari/537.36"
51.222.253.16 - - [21/Nov/2024:21:29:19 -0500] "GET /robots.txt HTTP/1.1" 301 0 "-" "Mozilla/5.0 (compatible; AhrefsBot/7.0; +http://ahrefs.com/robot/)"
51.222.253.16 - - [21/Nov/2024:21:29:19 -0500] "GET /robots.txt HTTP/1.1" 200 106 "-" "Mozilla/5.0 (compatible; AhrefsBot/7.0; +http://ahrefs.com/robot/)"
68.65.122.150 - - [21/Nov/2024:21:29:22 -0500] "POST /wp-cron.php?doing_wp_cron=1732242562.1975500583648681640625 HTTP/1.1" 200 0 "-" "WordPress/6.7.1; https://www.royalkids-highschl.com"
51.222.253.8 - - [21/Nov/2024:21:29:21 -0500] "GET / HTTP/1.1" 301 0 "-" "Mozilla/5.0 (compatible; AhrefsBot/7.0; +http://ahrefs.com/robot/)"
68.65.122.150 - - [21/Nov/2024:21:29:22 -0500] "POST /wp-admin/admin-ajax.php?action=async_litespeed&nonce=dzsTgDaT8QegPuiu0aI3JF2TVWBgTg8s&litespeed_type=imgoptm HTTP/1.1" 200 21 "-" "WordPress/6.7.1; https://www.royalkids-highschl.com"
68.65.122.150 - - [21/Nov/2024:21:32:26 -0500] "POST /wp-cron.php?doing_wp_cron=1732242746.3229000568389892578125 HTTP/1.1" 200 0 "-" "WordPress/6.7.1; https://www.royalkids-highschl.com"
205.210.31.240 - - [21/Nov/2024:21:32:25 -0500] "GET / HTTP/1.1" 301 0 "-" "Expanse, a Palo Alto Networks company, searches across the global IPv4 space multiple times per day to identify customers' presences on the Internet. If you would like to be excluded from our scans, please send IP addresses/domains to: scaninfo@paloaltonetworks.com"
68.65.122.150 - - [21/Nov/2024:21:32:26 -0500] "POST /wp-admin/admin-ajax.php?action=async_litespeed&nonce=ZKGoqBr32f2XZ60xLuclr321yknEdB1A&litespeed_type=imgoptm HTTP/1.1" 200 21 "-" "WordPress/6.7.1; https://www.royalkids-highschl.com"
66.249.68.36 - - [21/Nov/2024:21:38:07 -0500] "GET / HTTP/1.1" 200 31492 "-" "Mozilla/5.0 (Linux; Android 6.0.1; Nexus 5X Build/MMB29P) AppleWebKit/537.36 (KHTML, like Gecko) Chrome/131.0.6778.69 Mobile Safari/537.36 (compatible; Googlebot/2.1; +http://www.google.com/bot.html)"
66.249.68.36 - - [21/Nov/2024:21:38:17 -0500] "GET /wp-content/plugins/elementor/assets/css/widget-text-editor.min.css?ver=3.25.9 HTTP/1.1" 200 198 "https://www.royalkids-highschl.com/" "Mozilla/5.0 (Linux; Android 6.0.1; Nexus 5X Build/MMB29P) AppleWebKit/537.36 (KHTML, like Gecko) Chrome/130.0.6723.116 Mobile Safari/537.36 (compatible; Googlebot/2.1; +http://www.google.com/bot.html)"
66.249.68.35 - - [21/Nov/2024:21:38:18 -0500] "GET /wp-content/plugins/premium-addons-for-elementor/assets/frontend/min-js/fontawesome-all.min.js?ver=4.10.64 HTTP/1.1" 200 407079 "https://www.royalkids-highschl.com/" "Mozilla/5.0 (Linux; Android 6.0.1; Nexus 5X Build/MMB29P) AppleWebKit/537.36 (KHTML, like Gecko) Chrome/130.0.6723.116 Mobile Safari/537.36 (compatible; Googlebot/2.1; +http://www.google.com/bot.html)"
66.249.68.36 - - [21/Nov/2024:21:38:20 -0500] "GET /wp-content/plugins/elementor/assets/css/widget-icon-list.min.css?ver=3.24.3 HTTP/1.1" 200 863 "https://www.royalkids-highschl.com/" "Mozilla/5.0 (Linux; Android 6.0.1; Nexus 5X Build/MMB29P) AppleWebKit/537.36 (KHTML, like Gecko) Chrome/130.0.6723.116 Mobile Safari/537.36 (compatible; Googlebot/2.1; +http://www.google.com/bot.html)"
66.249.68.35 - - [21/Nov/2024:21:38:21 -0500] "GET /wp-content/plugins/elementor/assets/lib/font-awesome/css/v4-shims.min.css?ver=3.25.9 HTTP/1.1" 200 3987 "https://www.royalkids-highschl.com/" "Mozilla/5.0 (Linux; Android 6.0.1; Nexus 5X Build/MMB29P) AppleWebKit/537.36 (KHTML, like Gecko) Chrome/130.0.6723.116 Mobile Safari/537.36 (compatible; Googlebot/2.1; +http://www.google.com/bot.html)"
66.249.68.35 - - [21/Nov/2024:21:38:22 -0500] "GET /wp-content/plugins/elementor/assets/css/widget-icon-list.min.css?ver=3.25.9 HTTP/1.1" 200 863 "https://www.royalkids-highschl.com/" "Mozilla/5.0 (Linux; Android 6.0.1; Nexus 5X Build/MMB29P) AppleWebKit/537.36 (KHTML, like Gecko) Chrome/130.0.6723.116 Mobile Safari/537.36 (compatible; Googlebot/2.1; +http://www.google.com/bot.html)"
66.249.68.35 - - [21/Nov/2024:21:38:23 -0500] "GET /wp-content/plugins/chaty/css/chaty-front.min.css?ver=3.3.11725132221 HTTP/1.1" 200 6044 "https://www.royalkids-highschl.com/" "Mozilla/5.0 (Linux; Android 6.0.1; Nexus 5X Build/MMB29P) AppleWebKit/537.36 (KHTML, like Gecko) Chrome/130.0.6723.116 Mobile Safari/537.36 (compatible; Googlebot/2.1; +http://www.google.com/bot.html)"
66.249.68.35 - - [21/Nov/2024:21:38:23 -0500] "GET /wp-content/plugins/premium-addons-for-elementor/assets/frontend/min-js/TweenMax.min.js?ver=4.10.64 HTTP/1.1" 200 27313 "https://www.royalkids-highschl.com/" "Mozilla/5.0 (Linux; Android 6.0.1; Nexus 5X Build/MMB29P) AppleWebKit/537.36 (KHTML, like Gecko) Chrome/130.0.6723.116 Mobile Safari/537.36 (compatible; Googlebot/2.1; +http://www.google.com/bot.html)"
66.249.68.35 - - [21/Nov/2024:21:38:24 -0500] "GET /wp-content/plugins/premium-addons-for-elementor/assets/frontend/min-js/motionpath.min.js?ver=4.10.64 HTTP/1.1" 200 11512 "https://www.royalkids-highschl.com/" "Mozilla/5.0 (Linux; Android 6.0.1; Nexus 5X Build/MMB29P) AppleWebKit/537.36 (KHTML, like Gecko) Chrome/130.0.6723.116 Mobile Safari/537.36 (compatible; Googlebot/2.1; +http://www.google.com/bot.html)"
66.249.68.35 - - [21/Nov/2024:21:38:25 -0500] "GET /wp-content/plugins/elementor/assets/lib/font-awesome/js/v4-shims.min.js?ver=3.25.9 HTTP/1.1" 200 4042 "https://www.royalkids-highschl.com/" "Mozilla/5.0 (Linux; Android 6.0.1; Nexus 5X Build/MMB29P) AppleWebKit/537.36 (KHTML, like Gecko) Chrome/130.0.6723.116 Mobile Safari/537.36 (compatible; Googlebot/2.1; +http://www.google.com/bot.html)"
66.249.68.35 - - [21/Nov/2024:21:38:25 -0500] "GET /wp-content/plugins/premium-addons-for-elementor/assets/frontend/min-js/isotope.min.js?ver=4.10.64 HTTP/1.1" 200 21432 "https://www.royalkids-highschl.com/" "Mozilla/5.0 (Linux; Android 6.0.1; Nexus 5X Build/MMB29P) AppleWebKit/537.36 (KHTML, like Gecko) Chrome/130.0.6723.116 Mobile Safari/537.36 (compatible; Googlebot/2.1; +http://www.google.com/bot.html)"
66.249.68.35 - - [21/Nov/2024:21:38:26 -0500] "GET /wp-content/plugins/elementor/assets/js/frontend-modules.min.js?ver=3.25.9 HTTP/1.1" 200 15402 "https://www.royalkids-highschl.com/" "Mozilla/5.0 (Linux; Android 6.0.1; Nexus 5X Build/MMB29P) AppleWebKit/537.36 (KHTML, like Gecko) Chrome/130.0.6723.116 Mobile Safari/537.36 (compatible; Googlebot/2.1; +http://www.google.com/bot.html)"
66.249.68.35 - - [21/Nov/2024:21:38:26 -0500] "GET /wp-content/plugins/elementor/assets/js/frontend.min.js?ver=3.25.9 HTTP/1.1" 200 12930 "https://www.royalkids-highschl.com/" "Mozilla/5.0 (Linux; Android 6.0.1; Nexus 5X Build/MMB29P) AppleWebKit/537.36 (KHTML, like Gecko) Chrome/130.0.6723.116 Mobile Safari/537.36 (compatible; Googlebot/2.1; +http://www.google.com/bot.html)"
66.249.68.35 - - [21/Nov/2024:21:38:27 -0500] "GET /wp-includes/js/dist/vendor/react.min.js?ver=18.3.1 HTTP/1.1" 200 4006 "https://www.royalkids-highschl.com/" "Mozilla/5.0 (Linux; Android 6.0.1; Nexus 5X Build/MMB29P) AppleWebKit/537.36 (KHTML, like Gecko) Chrome/130.0.6723.116 Mobile Safari/537.36 (compatible; Googlebot/2.1; +http://www.google.com/bot.html)"
66.249.68.35 - - [21/Nov/2024:21:38:27 -0500] "GET /wp-content/plugins/premium-addons-for-elementor/assets/frontend/min-js/slick.min.js?ver=4.10.64 HTTP/1.1" 200 10454 "https://www.royalkids-highschl.com/" "Mozilla/5.0 (Linux; Android 6.0.1; Nexus 5X Build/MMB29P) AppleWebKit/537.36 (KHTML, like Gecko) Chrome/130.0.6723.116 Mobile Safari/537.36 (compatible; Googlebot/2.1; +http://www.google.com/bot.html)"
66.249.68.35 - - [21/Nov/2024:21:38:28 -0500] "GET /wp-content/plugins/premium-addons-for-elementor/assets/frontend/min-js/lottie.min.js?ver=4.10.64 HTTP/1.1" 200 69341 "https://www.royalkids-highschl.com/" "Mozilla/5.0 (Linux; Android 6.0.1; Nexus 5X Build/MMB29P) AppleWebKit/537.36 (KHTML, like Gecko) Chrome/130.0.6723.116 Mobile Safari/537.36 (compatible; Googlebot/2.1; +http://www.google.com/bot.html)"
66.249.68.35 - - [21/Nov/2024:21:38:28 -0500] "GET /wp-content/plugins/elementor/assets/js/webpack.runtime.min.js?ver=3.25.9 HTTP/1.1" 200 2183 "https://www.royalkids-highschl.com/" "Mozilla/5.0 (Linux; Android 6.0.1; Nexus 5X Build/MMB29P) AppleWebKit/537.36 (KHTML, like Gecko) Chrome/130.0.6723.116 Mobile Safari/537.36 (compatible; Googlebot/2.1; +http://www.google.com/bot.html)"
68.65.122.150 - - [21/Nov/2024:21:40:36 -0500] "POST /wp-cron.php?doing_wp_cron=1732243236.5759820938110351562500 HTTP/1.1" 200 0 "-" "WordPress/6.7.1; https://www.royalkids-highschl.com"
209.141.35.195 - - [21/Nov/2024:21:40:35 -0500] "GET /wp-login.php HTTP/1.1" 200 6252 "-" "Mozilla/5.0 (Windows NT 6.1; rv:30.0) Gecko/20100101 Firefox/30.0"
209.141.35.195 - - [21/Nov/2024:21:40:36 -0500] "POST /wp-login.php HTTP/1.1" 200 6709 "-" "Mozilla/5.0 (Windows NT 6.1; rv:30.0) Gecko/20100101 Firefox/30.0"
68.65.122.150 - - [21/Nov/2024:21:40:36 -0500] "POST /wp-admin/admin-ajax.php?action=async_litespeed&nonce=Vzx4LFrsMTzk40UEeUSRwruVS0brvy6y&litespeed_type=imgoptm HTTP/1.1" 200 21 "-" "WordPress/6.7.1; https://www.royalkids-highschl.com"
68.65.122.150 - - [21/Nov/2024:21:48:55 -0500] "POST /wp-cron.php?doing_wp_cron=1732243735.7498140335083007812500 HTTP/1.1" 200 0 "-" "WordPress/6.7.1; https://www.royalkids-highschl.com"
217.165.61.203 - - [21/Nov/2024:21:48:54 -0500] "GET /wp-login.php HTTP/1.1" 200 6252 "-" "Mozilla/5.0 (Windows NT 10.0; WOW64; Trident/7.0; rv:11.0) like Gecko"
68.65.122.150 - - [21/Nov/2024:21:48:55 -0500] "POST /wp-admin/admin-ajax.php?action=async_litespeed&nonce=v1WVYyaLI4P4WekipPxumpPOcXAYo6wR&litespeed_type=imgoptm HTTP/1.1" 200 21 "-" "WordPress/6.7.1; https://www.royalkids-highschl.com"
217.165.61.203 - - [21/Nov/2024:21:48:56 -0500] "GET /wp-json/wp/v2/users/1 HTTP/1.1" 200 682 "-" "Mozilla/5.0 (Windows NT 10.0; WOW64; Trident/7.0; rv:11.0) like Gecko"
217.165.61.203 - - [21/Nov/2024:21:48:56 -0500] "GET /?author=1 HTTP/1.1" 301 0 "-" "Mozilla/5.0 (Windows NT 10.0; WOW64; Trident/7.0; rv:11.0) like Gecko"
217.165.61.203 - - [21/Nov/2024:21:48:56 -0500] "GET /author/admin/ HTTP/1.1" 200 91649 "-" "Mozilla/5.0 (Windows NT 10.0; WOW64; Trident/7.0; rv:11.0) like Gecko"
68.65.122.150 - - [21/Nov/2024:22:23:50 -0500] "POST /wp-cron.php?doing_wp_cron=1732245830.5817930698394775390625 HTTP/1.1" 200 0 "-" "WordPress/6.7.1; https://www.royalkids-highschl.com"
170.106.148.137 - - [21/Nov/2024:22:23:49 -0500] "GET / HTTP/1.1" 301 0 "http://royalkids-highschl.com" "Mozilla/5.0 (iPhone; CPU iPhone OS 13_2_3 like Mac OS X) AppleWebKit/605.1.15 (KHTML, like Gecko) Version/13.0.3 Mobile/15E148 Safari/604.1"
68.65.122.150 - - [21/Nov/2024:22:23:50 -0500] "POST /wp-admin/admin-ajax.php?action=async_litespeed&nonce=vVYk0hksfaiCvkq9lb1aD65hbByRB6kB&litespeed_type=imgoptm HTTP/1.1" 200 21 "-" "WordPress/6.7.1; https://www.royalkids-highschl.com"
170.106.148.137 - - [21/Nov/2024:22:23:51 -0500] "GET / HTTP/1.1" 200 36649 "https://royalkids-highschl.com/" "Mozilla/5.0 (iPhone; CPU iPhone OS 13_2_3 like Mac OS X) AppleWebKit/605.1.15 (KHTML, like Gecko) Version/13.0.3 Mobile/15E148 Safari/604.1"
68.65.122.150 - - [22/Nov/2024:02:32:45 -0500] "POST /wp-cron.php?doing_wp_cron=1732260765.4226400852203369140625 HTTP/1.1" 200 0 "-" "WordPress/6.7.1; https://www.royalkids-highschl.com"
84.205.178.109 - - [22/Nov/2024:02:32:44 -0500] "GET /wp-content/ai1wm-backups/index.php?here=1111 HTTP/1.1" 301 0 "royalkids-highschl.com" "Mozilla/5.0 (Windows NT 6.1; Win64; x64) AppleWebKit/537.36 (KHTML, like Gecko) Chrome/242.02.8301.120 Safari/537.36"
68.65.122.150 - - [22/Nov/2024:02:32:45 -0500] "POST /wp-admin/admin-ajax.php?action=async_litespeed&nonce=xmUTux5yfflvpIPItI0zppRsJ5Y5QDzz&litespeed_type=imgoptm HTTP/1.1" 200 21 "-" "WordPress/6.7.1; https://www.royalkids-highschl.com"
84.205.178.109 - - [22/Nov/2024:02:32:46 -0500] "GET /wp-content/ai1wm-backups/?here=1111 HTTP/1.1" 404 77907 "royalkids-highschl.com" "Mozilla/5.0 (Windows NT 6.1; Win64; x64) AppleWebKit/537.36 (KHTML, like Gecko) Chrome/242.02.8301.120 Safari/537.36"
68.65.122.150 - - [22/Nov/2024:02:34:38 -0500] "POST /wp-cron.php?doing_wp_cron=1732260878.4175291061401367187500 HTTP/1.1" 200 0 "-" "WordPress/6.7.1; https://www.royalkids-highschl.com"
84.205.178.109 - - [22/Nov/2024:02:34:37 -0500] "GET /wp-content/themes/sahifa/index.php?here=1111 HTTP/1.1" 301 0 "royalkids-highschl.com" "Mozilla/5.0 (Windows NT 6.1; Win64; x64) AppleWebKit/537.36 (KHTML, like Gecko) Chrome/242.02.8301.120 Safari/537.36"
68.65.122.150 - - [22/Nov/2024:02:34:38 -0500] "POST /wp-admin/admin-ajax.php?action=async_litespeed&nonce=60mdbcqa7FItlsAsuFNnBHgkal7xHLPa&litespeed_type=imgoptm HTTP/1.1" 200 21 "-" "WordPress/6.7.1; https://www.royalkids-highschl.com"
84.205.178.109 - - [22/Nov/2024:02:34:39 -0500] "GET /wp-content/themes/sahifa/?here=1111 HTTP/1.1" 404 77746 "royalkids-highschl.com" "Mozilla/5.0 (Windows NT 6.1; Win64; x64) AppleWebKit/537.36 (KHTML, like Gecko) Chrome/242.02.8301.120 Safari/537.36"
68.65.122.150 - - [22/Nov/2024:02:36:02 -0500] "POST /wp-cron.php?doing_wp_cron=1732260961.2438659667968750000000 HTTP/1.1" 200 0 "-" "WordPress/6.7.1; https://www.royalkids-highschl.com"
84.205.178.109 - - [22/Nov/2024:02:35:59 -0500] "GET /wp-content/backups-dup-pro/index.php?here=1111 HTTP/1.1" 301 0 "royalkids-highschl.com" "Mozilla/5.0 (Windows NT 6.1; Win64; x64) AppleWebKit/537.36 (KHTML, like Gecko) Chrome/242.02.8301.120 Safari/537.36"
68.65.122.150 - - [22/Nov/2024:02:36:02 -0500] "POST /wp-admin/admin-ajax.php?action=async_litespeed&nonce=B1Lmq0v6UbLyS3XViyQxcwyBqntRPkXB&litespeed_type=imgoptm HTTP/1.1" 200 21 "-" "WordPress/6.7.1; https://www.royalkids-highschl.com"
84.205.178.109 - - [22/Nov/2024:02:36:03 -0500] "GET /wp-content/backups-dup-pro/?here=1111 HTTP/1.1" 404 77907 "royalkids-highschl.com" "Mozilla/5.0 (Windows NT 6.1; Win64; x64) AppleWebKit/537.36 (KHTML, like Gecko) Chrome/242.02.8301.120 Safari/537.36"
68.65.122.150 - - [22/Nov/2024:02:36:32 -0500] "POST /wp-cron.php?doing_wp_cron=1732260992.8568849563598632812500 HTTP/1.1" 200 0 "-" "WordPress/6.7.1; https://www.royalkids-highschl.com"
84.205.178.109 - - [22/Nov/2024:02:36:32 -0500] "GET /index.php?here=1111 HTTP/1.1" 301 0 "royalkids-highschl.com" "Mozilla/5.0 (Windows NT 6.1; Win64; x64) AppleWebKit/537.36 (KHTML, like Gecko) Chrome/242.02.8301.120 Safari/537.36"
